721 + -744).
20
(22 + -10 - 12) + (3 + -1 - 2)
0
Evaluate -1 + -30 + (-2427 - -2454).
-4
What is the value of -8 + (6 - (0 - 0)) + (-261 - -254)?
-9
Calculate (8 + 10 + -13 - (-2 - -12)) + -22.
-27
What is -6 + 18 + (-61 - -31)?
-18
6 + (1 - -8) + (-29 - -44) + -14
16
Evaluate 21 + (-6 - (-21 + 26)).
10
Evaluate 216 + -227 + 0 + -5 + 4 + -2.
-14
36 - (19 - -18) - -18
17
Evaluate -18 + 23 + -15 + 20.
10
What is the value of (-15 - -6) + 13 + (-27 - 4) + 5?
-22
What is 19 + -8 + (-1 - 1)?
9
What is -25 + (-2 - -9) + 49?
31
What is (1 - (3 - 9)) + (-14 - 5)?
-12
What is -3 + 1 - (15 + -7) - (-2 - -10)?
-18
Evaluate (5 + (-3 - -4) - -29) + -73 + 77.
39
Calculate 1 - (1 + (-8 - 3)).
11
Evaluate 1 - -3 - (-4 + (3 - -16) + 24).
-35
Evaluate -53 + -4 + 40 + (39 - 0).
22
What is the value of -31 - -25 - (-23 + 8)?
9
What is 7 + 13 - 24 - -20?
16
Evaluate 15 + 0 + -53 + (-72 - -127).
17
Calculate (4 - (7 - 15)) + -7 - -6.
11
Evaluate 10 + -6 + ((0 - 7) + 13 - 5).
5
Evaluate (-9 - -3) + (-8 - (15 + -25)) - -25.
21
18 - (-8 - (-12 + (-6 - -6)))
14
Evaluate -17 + (13 - 3 - -11).
4
Evaluate 6 + (0 - -1) - (-87 + 59 - -38).
-3
What is -16 + 1 + (13 + -1 - 7)?
-10
What is the value of -26 - (-4 - ((-61 - -62) + 1 + 0))?
-20
What is (1 - 2 - 0) + (-31 + 15 - -11)?
-6
What is 6 + -1 + (-4 - 1)?
0
7 - (-3 + -1 - -6) - 21 - -6
-10
Calculate 5 + (-16 - -12) + -7.
-6
What is the value of (10 + -15 - 0) + 16 + 8?
19
Calculate -20 + (-8 - (11 - 28)).
-11
What is the value of -5 - -3 - (-460 + 490)?
-32
(-5 - 36) + 3 + (4 + 5 - 3)
-32
What is (-4 - -7 - 8) + 9 - 2?
2
Calculate 4 + (18 - 10) + 4 - 3.
13
-12 - 2 - (5 + -1) - -10
-8
Evaluate -5 + (-5 + 4 - 1) - -10.
3
30 + -36 + 2 + 2 - -4
2
What is the value of 69 + -26 + 1 + -37?
7
What is (16 - (-8 - -13)) + -1 + -23?
-13
Calculate 1 - -11 - (2 + 9).
1
What is the value of -8 - -2 - ((1 - 1) + (80 - 79))?
-7
(1 - -16) + 56 + -64
9
Evaluate 15 - 15 - (-3 + -3 + 5 + -2).
3
What is -13 + 13 + -24 + 42?
18
What is the value of -32 - ((-42 - -32) + -11)?
-11
Calculate 6 - (-8 - ((-32 - -8) + -5)) - -7.
-8
-4 + (34 - 28) + 1 + -16
-13
What is the value of -17 + 34 + 11 + -63?
-35
50 + 2 - (-103 - -136)
19
Calculate 4 + -11 + (4 - 2) + (16 - 10).
1
Evaluate 10 - 0 - (229 + -216).
-3
What is the value of (27 + -12 - 2) + (7 - (2 - 2))?
20
What is -3 + (-4 - 1 - -1) + 34 + -21?
6
Calculate -5 - -6 - (-7 + -1 + 21).
-12
Calculate -18 - (42 - 39 - 1).
-20
What is the value of 5 + 5 + 7 + (-6 + 0 - 3)?
8
Calculate (-21 - -25) + (0 - 2).
2
What is the value of -39 - (-5 - (30 + -27))?
-31
What is the value of -19 + (-5 - (12 - 25))?
-11
What is 21 + (5 - (6 + 12) - -13)?
21
Evaluate (-2 - (-4 - -8)) + 4 + -9.
-11
Calculate 0 + (-22 - -32) - (-30 + 4).
36
-12 + 8 + (3 - -12) + 8
19
What is the value of (16 + 7 - 6) + -14?
3
-31 - (-71 + 44) - (-20 + -2)
18
Evaluate (-8 - -9) + -14 + (21 - 5).
3
11 + 0 + (7 - (-11 - -18))
11
What is the value of -22 + 32 - (40 + -37)?
7
What is (-399 - -425) + 0 + -20?
6
What is the value of -43 - ((-2 - -21) + -92 + 63)?
-33
Evaluate 15 - (-5 - -8) - 8.
4
1 - 0 - ((30 - 6) + 0 + -15)
-8
Evaluate -2 - (0 + -7 + 15 - 1).
-9
Evaluate -7 + 2 - (39 + -49).
5
What is (-8 - 2) + (3 - ((3 - 2) + -3))?
-5
12 + -4 + -49 + 37
-4
Evaluate -4 + 6 + -3 + (-511 - -498).
-14
Evaluate (-3 + 9 - 22) + 31 + 8.
23
What is the value of -2 - -8 - (-2 - 3) - 25?
-14
0 + -7 + (4 + 2 - (141 - 149))
7
2 - (-2 - (1 - -7) - (64 + -67))
9
What is the value of 11 - (-6 - (-5 + (5 - 18)))?
-1
Evaluate 0 + -20 + 0 - (2 - (-37 - -44)).
-15
What is (12 - (6 - -7)) + -6?
-7
What is the value of 10 - 6 - (31 + -4) - -10?
-13
(-39 - -3 - -36) + 2 + (4 - 0)
6
What is -26 + 11 + 10 + -1 + -7?
-13
What is (-31 - -24) + (9 - (-1 - (2 + -5)))?
0
What is the value of (-1 + -1 - 0 - (854 + -856)) + -6?
-6
1 + -4 + (-18 + 16 + -3 - -12)
4
Calculate 6 - 8 - (81 + -57).
-26
What is -15 - ((-28 - -16) + 11)?
-14
What is the value of -4 + -1 + (-12 + 7 - (4 - 11))?
-3
Evaluate (0 - 1) + (-106 - -120).
13
-22 - (-22 - (14 - 26))
-12
What is the value of (3 - 5) + (24 + 28 - 60)?
-10
Calculate 11 + 0 + -10 + 11.
12
4 + 2 - (-14 + 5)
15
What is the value of 56 + -4 + -58 + (0 - 24)?
-30
Evaluate -1 + (11 + 2 - (-2 + -3)) + -5.
12
Evaluate (14 - 7) + (-11 - -7) - -13.
16
What is (-11 - 37 - -35) + 16?
3
Evaluate -3 - 3 - (46 + -51).
-1
What is the value of -4 - (24 - (13 + 13))?
-2
23 + -2 + 11 + -24
8
What is the value of (-18 - -8) + (-16 - (21 - 29))?
-18
What is (4 - -9) + 6 + -13 - (-5 + 0)?
11
What is (14 - 27 - -15 - -5) + 21?
28
Calculate 2 - (-1 - ((-6 - 4) + -3)).
-10
(-5 - (-15 - -2)) + 0 + -2 + -33
-27
What is the value of -5 + (-7 - (2 + -21))?
7
What is 26 + (8 - 4 - 21)?
9
What is -12 - -1 - (-11 + 8 - -11)?
-19
(-94 - -101) + (-3 - 2) + 0
2
What is (4 - -6 - 19) + -15 + (6 - 1)?
-19
What is the value of (21 - 12) + (3 - 2)?
10
What is the value of -11 + (-4 - (0 - 13))?
-2
What is 24 - -8 - -1 - 6 - (0 + 3)?
24
What is -20 + (-5 - (9 - 6))?
-28
What is the value of (-37 - (-14 - 35)) + 14?
26
Calculate (-10 - -16) + -3 + 12 + 0 + 13.
28
Evaluate -34 - (-10 + (-4 - (2 + 3) - -16)).
-31
Evaluate (2 - 6) + 15 + (-12 - 0) + 3.
2
What is the value of 10 - (18 - 4 - -6)?
-10
What is (-15 - -8 - 3) + 1?
-9
What is the value of -77 + 73 + 27 + (1 - 3)?
21
Calculate ((-2 - 2) + 12 - (1 - -9)) + 1.
-1
What is (-3 - (6 - 4 - 0)) + 14 + -18?
-9
Evaluate 397 - 400 - (12 + -3 + 0).
-12
What is the value of 2 - -4 - -2 - 14?
-6
Evaluate 14 + (17 - 42) + 10.
-1
What is (-3 - (-2 - -2)) + -5 + 33 + -36?
-11
Calculate 22 + -41 + (5 - (-2 - -2)).
-14
5 + -1 + 13 + (-20 - 16)
-19
Calculate 0 + (-9 + 16 - 8).
-1
What is the value of (-22 - -24) + -3 + -1?
-2
Evaluate -18 - -8 - -15 - (3 - -13 - 4).
-7
(25 - 22) + (2 - (5 + -13))
13
What is the value of -52 + 60 + -2 + -11?
-5
What is the value of -8 + -23 + -27 + 29?
-29
Calculate 22 + -13 + (-49 - -19 - (-1 + 6)).
-26
Evaluate -6 + 18 + -17 - -21.
16
46 - (39 - 6) - 11
2
What is the value of 14 + -15 + -20 + 2?
-19
What is the value of 16 + 15 + -2 - (0 + 1)?
28
What is the value of 0 - (7 + 0 + -5 + 5)?
-7
What is -3 + 3 + -2 + (99 - 85)?
12
Calculate 0 - (-1 + -7 + 16 + 0 - 7).
-1
Calculate -70 - -55 - (-1 + 0 + (12 - 21)).
-5
Evaluate (1 - 7) + -11 + 14 - (4 + 0).
-7
What is -3 + 18 + (19 - 17)?
17
6 + -1 + -3 + 20 + -17 + 15
20
Calculate (73 - 67) + (6 - (0 + -2)).
14
What is (20 - 11) + 1 + 1?
11
What is the value of (-1 - (-1 + -7)) + 169 + -166?
10
-9 + 2 - (3 + (-9 - -14) + -14)
-1
What is -459 + 485 + (2 - 5)?
23
Evaluate (51 - -4) + -26 + -20.
9
Evaluate 6 + (-5 + 3 - 0) + -1 + -8.
-5
Calculate (1 - -42) + (-830 - -762).
-25
Calculate -4 - (-12 + -8 + 14) - 19.
-17
What is the value of -6 + 5 + -24 + 23?
-2
Calculate -201 - -223 - (2 - -22).
-2
Evaluate 1 - (13 - (-2 - -8)).
-6
Evaluate -17 - (-9 - -4 - -5).
-17
-1 + 54 + -51 - (0 - 1 - 3)
6
What is 15 - (15 + 14) - (-6 + -2 + 7)?
-13
Evaluate 3 + (-17 - (-33 + -3 + -7)).
29
What is the value of (8 - 4) + (-15 - -19) + (-4 - 2)?
2
Calculate 8 + (0 - -6) + -24.
-10
Calculate 8 + -13 + -3 + 11.
3
1 - 7 - (4 + 8 + 4 - 8)
-14
What is (9 + -1 - 1) + -6 + 8?
9
Calculate (-3 - -1) + (1 - -13) + -3.
9
What is the value of (-14 - -11) + (1 - 2 - -1)?
-3
Calculate 478 - 466 - (7 + (-2 - -1)).
6
What is the value of -3 + -2 - (-12 + 1)?
6
Calculate -7 - -3 - 4 - (-9 - -2) - 3.
-4
(-12 - 9) + 9 - 17
-29
What is 7 - (-4 - -4 - (-20 + -8 + 19))?
-2
Calculate 18 + -12 + (1 - 0) + -13.
-6
What is (-1 - -9) + 5 + (3 - 22)?
-6
Evaluate 12 - (-4 - 2 - (-8 + 0)).
10
What is the value of -2 + -3 - (-11 + 20 - 10 - -7)?
-11
Evaluate 1 - -13 - (96 - (61 - -6)).
-15
Evaluate (-11 + 19 + -7 - 10) + 9.
0
Calculate -31 + 5 + -20 + (12 - 2 - 2).
-38
Evaluate -6 - (2 + 2 + (-32 - -36) - -7).
-21
Calculate (-8 - 2) + (33 - (19 + -5)) - -6.
15
-15 + (-27 - -17) + -11 + 11
-25
Evaluate (22 - 27) + (27 - -4 - 2).
24
Evaluate -4 + -12 + 11 + (2 - (5 - 10)).
2
What is the value of 13 + (8 + -71 - -34)?
-16
What is 0 - 27 - -15 - (-12 + 2)?
-2
11 - (-8 - 0 - (198 - 204))
13
What is -9 + 3 + -2 - -4 - -15?
11
Evaluate (-5 + 3 + -10 - (1 + -7)) + 0.
-6
(4 - 6) + 5 - (-5 + -3 + 2)
9
What is -7 - 1 - (25 - (7 + 19))?
-7
What is the value of -2 + 6 + 2 - (39 - 38)?
5
Evaluate -16